 z be s(-5). Let q = -22 - -30. Calculate the highest common divisor of z and q.
8
Let y = -90 - -192. Calculate the greatest common factor of 34 and y.
34
Let d be (-2)/(-4) - (-18)/4. Suppose -m + 5*m = -5*x - 10, 0 = -d*x + 5*m + 35. Suppose x*f + 34 = 94. What is the greatest common divisor of f and 20?
10
Let g = 118 - 13. Suppose 10 = 3*z - 35. Calculate the greatest common divisor of g and z.
15
Let k be (2/4)/(2/24). Suppose 0 = a - 3 - 1. Suppose a*q - 96 = -0*q. What is the highest common divisor of k and q?
6
Let i(p) = -p. Let n be i(-3). Suppose -r - n*r = -56. Let g = 5 - -149. Calculate the greatest common factor of g and r.
14
Suppose 3*l - 70 = 8*l. Let b be (-2 + 23)*(-36)/l. What is the greatest common factor of 6 and b?
6
Let k be (-6)/33 - (-65)/55. Calculate the highest common factor of k and 5.
1
Let b(s) = s**3 - 10*s**2 + s - 8. Let g be b(10). Calculate the greatest common divisor of 18 and g.
2
Let s(d) = -4*d + 4. Let p be s(-21). What is the greatest common factor of 11 and p?
11
Let i = 16 - 10. Let o(c) = 2*c**2 + 2*c - 2. Let r be o(-2). What is the highest common factor of i and r?
2
Let m = 10 + -5. Suppose m*r - 43 + 3 = 0. Suppose 10 = 5*q + 4*n - 98, -3*q = -5*n - 87. What is the greatest common factor of r and q?
8
Let k(v) = 10*v**2 - 6*v. Let w be k(2). Calculate the highest common divisor of w and 196.
28
Suppose 2*u + u - 41 = -4*p, -5*p = -25. What is the highest common divisor of u and 7?
7
Let z(v) be the third derivative of 67*v**4/24 - v**3/3 - v**2. Let u be z(2). Calculate the greatest common factor of u and 12.
12
Let f(v) = v**2 + 4*v - 3. Let l be f(-5). Let n = 9 + -3. Suppose -l*o = -16 + n. Calculate the greatest common divisor of o and 10.
5
Let d = -24 + 46. What is the greatest common divisor of 55 and d?
11
Suppose -8 = -4*d, -5*r + 2*d + d = -19. Let l(o) = 36*o. Let n be l(r). What is the greatest common divisor of n and 20?
20
Suppose -95 = -2*z - 3*z. Let c(b) = b - 5. Let m be c(7). Suppose 2*a = m*l - 298, -3*a + 471 = 3*l + 2*a. What is the greatest common factor of z and l?
19
Suppose -i = z + 3*z + 21, 2*i + 2*z = -42. Let s = 42 + i. What is the greatest common divisor of s and 189?
21
Suppose 2*d - 5 - 1 = 0. Suppose -5*g = x + x - 48, -4*g = -d*x + 26. Calculate the greatest common divisor of x and 14.
14
Let i = -7 - -15. Suppose -y = -0*y + 54. Let j = y - -86. What is the greatest common divisor of j and i?
8
Let p be -4 + (-4)/(-2) + 0. Let d be p/2 - (2 + -120). What is the greatest common factor of d and 13?
13
Suppose 0 = -5*t + 3*t. Suppose t*o - 17 = -5*q + 2*o, -1 = -q - 2*o. Let x be (-9)/2*((-9)/3 - 3). What is the greatest common factor of q and x?
3
Let u(z) = -z + 34. Let w be u(0). Let v(q) = 26*q + 18*q - 2*q + 1. Let n be v(2). Calculate the greatest common factor of w and n.
17
Let v(h) = -17*h. Let m be v(-1). Let l = -5 + m. Suppose 4*s - 24 = s. What is the greatest common factor of s and l?
4
Let i(y) = y**3 + 9*y**2 - 5*y + 9. Let o = -2 + -7. Let m be i(o). What is the greatest common divisor of 6 and m?
6
Let q = 198 - 153. Calculate the highest common factor of 405 and q.
45
Suppose -14*u + 96 = -10*u. Calculate the greatest common divisor of 3 and u.
3
Let m be 2 - 2/(2 - 0). Let j = -10 - -10. Suppose h - 2 + 1 = j. Calculate the highest common factor of h and m.
1
Let w be -2 - 1/(2/(-14)). Let l be (-10)/4*8/(-5). Suppose -6*v = 3*u - 2*v - 285, 0 = -w*u + l*v + 507. What is the greatest common factor of u and 9?
9
Suppose 5*z + 5*g - 40 = 0, 4*z - 2*g - 22 = 16. Calculate the greatest common divisor of 1 and z.
1
Let f(h) = -2*h + 4*h - 3*h - 8. Let o be f(-9). Let m be (-32*o)/((-2)/7). Calculate the greatest common factor of m and 14.
14
Let f(x) = x**2 + 6*x - 5. Let c be 3 - (2 + -3)/1. Let u be f(c). What is the highest common factor of 5 and u?
5
Suppose 0 = -3*s + 4*z + 254, 0 = s + 5*z + 11 - 121. Calculate the greatest common divisor of 36 and s.
18
Let r(h) = h**3 - 9*h**2 - h + 10. Let w be r(9). Let q be (75/(-4))/(w/(-4)). Suppose 6*v - q = v. Calculate the greatest common factor of v and 6.
3
Suppose n + 2*p = 590, 3*n + 5*p - 1563 = 203. Let t be n/66 + (-4)/(-22). What is the greatest common divisor of t and 45?
9
Let w = 128 - 38. Suppose 0*c = 5*c - w. Let z = -4 + 6. Calculate the greatest common divisor of c and z.
2
Suppose 24 - 92 = -4*j. Calculate the greatest common divisor of j and 136.
17
Let v be ((0 + 0)/(-1))/(-1). Let w = v - -4. What is the highest common divisor of 4 and w?
4
Let k = -29 + 109. Suppose -4*j - 4*s = -k, 4*s - 30 = -2*j + 18. What is the highest common factor of 48 and j?
16
Suppose -5 = -3*k + 2*k. Let z(o) = -o + 45. Let m be z(0). What is the highest common divisor of m and k?
5
Let x(k) = 2*k**2 + k**3 + 56 - k**2 + k - 2*k**2. Let c be x(0). Calculate the greatest common divisor of c and 7.
7
Let a = 30 - 2. What is the highest common factor of 252 and a?
28
Suppose -1 - 13 = -o. Calculate the greatest common factor of o and 35.
7
Let o = -35 + 8. Let w be 6/o - 346/(-18). Suppose -4*t = -0*t - 304. Calculate the greatest common divisor of t and w.
19
Suppose 2*b = 2*p - 8, -5*b - 2 + 0 = 4*p. Let d be 1 - 3 - -2*4. Suppose 5*j = p*j + d. What is the highest common divisor of 2 and j?
2
Let l(r) be the second derivative of -r**4/12 - 3*r**2 + r. Let z be l(-6). Let d = z - -126. Calculate the highest common divisor of 21 and d.
21
Let r(v) = -7*v + v**2 + 2 + 5 - 4*v + 5*v. Let p be r(5). Suppose -91 = -4*o - p*j - 21, 0 = 5*j - 25. Calculate the greatest common factor of 3 and o.
3
Let n = 24 + 18. Calculate the greatest common factor of 14 and n.
14
Suppose 4*z = 8, -5*s - z - 30 = -6*z. Let b be s/(-6) + (-70)/(-3). Suppose r = -0*r + 60. Calculate the greatest common divisor of b and r.
12
Suppose -4*h + 1 = -3. Suppose 5*c - h = 4, 5*d = -3*c + 18. Let k be d + 0 - (-13 - -1). What is the greatest common divisor of k and 60?
15
Suppose 5*z + 10 = 2*y + 2, 0 = 5*y + 5. Let x = 0 + z. Let j be (-110)/(-2) + 0 - x. What is the highest common divisor of 38 and j?
19
Let v(j) = j**3 + 8*j**2 - 6*j - 8. Let p be v(-6). Let x = -1 - -16. Let w be 9/x - 394/(-10). Calculate the greatest common factor of w and p.
20
Let g(m) = 22*m - 4. Let i(c) = -22*c + 5. Let s(j) = 4*g(j) + 3*i(j). Let h be s(1). What is the highest common factor of 7 and h?
7
Suppose 5*l - 2 = 8. Let t(c) be the second derivative of 5*c**4/6 - c**3/6 - c**2 - c. Let p be t(l). Calculate the greatest common factor of p and 12.
12
Suppose -2*j + 21 = 1. Suppose j = o + o. Let q(r) = r**2 - 4*r + 3. Let b be q(o). Calculate the highest common factor of 12 and b.
4
Let w = 1 + 1. Suppose -2*h - 70 = -5*r, -r - w*r + 2*h + 38 = 0. Calculate the highest common factor of r and 24.
8
Suppose 3*d = 5*f + 4*d - 452, 3*f - 262 = 4*d. Calculate the greatest common divisor of f and 18.
18
Let w be (-8)/(-6) + 6/9. Let u be (-3 + 3)/(1 - w). Suppose u = f - 8 - 3. What is the greatest common divisor of 11 and f?
11
Suppose 0*c + 2*c = -20. Let d = c - -13. Suppose -1 = g - d. Calculate the greatest common factor of g and 4.
2
Let h(f) = 34*f + 6. Let q be h(1). What is the highest common factor of 440 and q?
40
Suppose -6 - 388 = -2*r + n, 5*r - 5*n = 990. Let t be 3*(429/9 - 1). Let q = r - t. What is the highest common divisor of q and 8?
8
Let a be (0 + 14)*(3 + -5). Let s be (8/(-14))/(4/a). What is the highest common factor of 44 and s?
4
Suppose -x = -6*x + 25. Suppose x*a - 2*k = 33 - 91, 5*a + 3*k + 38 = 0. Let p be (-152)/a + 4/(-20). Calculate the highest common factor of 3 and p.
3
Suppose -j = o + 1, 0 = 4*j - 5*o + 4 - 18. Let r be 18*j + (0 - 3). What is the greatest common factor of r and 120?
15
Suppose i - q = q + 5, -43 = -3*i - q. Let y be 4356/42 - 4/(-14). What is the highest common divisor of i and y?
13
Suppose 9 - 3 = n. What is the highest common divisor of n and 42?
6
Let c(n) = 2*n**3 - 2*n**2 - n - 1. Let k be c(2). Calculate the greatest common divisor of k and 2.
1
Let s(c) = c**2 - 3*c + 1. Let r be s(4). What is the highest common factor of r and 40?
5
Let a(s) = s**3 + 7*s**2 - s + 3. Let b be a(-7). Let z = -5 + 5. Suppose 3*c + 3 = z, -3*v - 4*c + 14 = -3*c. What is the greatest common divisor of b